. Let h = 7 - 14. What is the remainder when x is divided by (-150)/(-14) + (-2)/h?
10
Let u(j) = 34*j**2 - 3*j + 3. Let m be u(2). Let n = -88 + m. Suppose 4*s = s + n. What is the remainder when s is divided by 8?
7
Suppose 5*m - 15 - 5 = 0. Let t be (2 - 0)*26/m. Let l = t - 6. Calculate the remainder when 20 is divided by l.
6
Suppose -4*f - 12 = -0*f. Calculate the remainder when 5 is divided by f/2*16/(-12).
1
Let n(i) = -i**2 + 6*i + 7. Let g be n(6). Let s(u) = 8*u - 7. What is the remainder when s(g) is divided by 13?
10
Let m(l) = -l**3 - 7*l**2 - 4. Let t be m(-7). Let u(y) = -y**3 + 6*y**2 + 9. Calculate the remainder when 75/(-6)*t/2 is divided by u(6).
7
What is the remainder when 5/20 + (-51)/(-4) is divided by 4?
1
Let w = 60 + -43. What is the remainder when w is divided by 3?
2
Suppose -54 = -0*z - 2*z. Suppose -3*q + 32 = -10. Calculate the remainder when z is divided by q.
13
Let o = -1 - -12. What is the remainder when o is divided by 5?
1
Suppose 3*k - 66 = -5*a, -3*k - 2*a + 0*a = -57. What is the remainder when 49 is divided by k?
15
Let n = -437 + 456. Let h(v) = 8*v**2 + v + 1. What is the remainder when h(2) is divided by n?
16
Let q = 8 + 24. Let x be (-1)/2 + (-44)/(-8). Calculate the remainder when q is divided by -2 + x + (-48)/(-6).
10
Let z(h) = 5*h**3 + 2*h**2 - 8*h - 2. Calculate the remainder when 84 is divided by z(2).
24
Suppose 0 = -3*j - 4*y + 9 + 24, 3*y + 11 = j. What is the remainder when 32 is divided by j?
10
Let u be ((-9)/(-6))/((-2)/(-4)). Let a = u + 6. Suppose o = -3*f + 13, -4*f + 8 + 16 = -2*o. What is the remainder when a is divided by f?
4
Calculate the remainder when 20 is divided by (-1 + 31)*8/20.
8
Suppose 5*d - 12 - 3 = 0. Suppose d*c = -2*c - 245. Let v = -16 - c. Calculate the remainder when v is divided by 12.
9
What is the remainder when 5 is divided by (-1)/(9/(-2) + 4)?
1
Suppose -5*u - 12 + 72 = 0. Let y be (1 - 4)*4/(-6). Let q = u - y. What is the remainder when q is divided by 6?
4
Let v(w) = -w**2 + 7*w + 7. Calculate the remainder when v(6) is divided by 7.
6
Suppose 0 = -p + 2*p - 3*f - 9, -5*p + 4*f = -45. Calculate the remainder when (-255)/(-10) - (-6)/(-4) is divided by p.
6
Let n(v) = 4*v**3 - 2*v**2 + 3*v + 1. Let p be n(3). Suppose -3*b - p = -7*b. What is the remainder when b is divided by 9?
7
Let m(v) = -v**2 + 6*v - 1. Let g(b) be the first derivative of -b**4/4 + 5*b**3/3 + b**2/2 + b + 2. Calculate the remainder when g(5) is divided by m(5).
2
Let c = -108 - -132. What is the remainder when 94 is divided by c?
22
Let h = -46 - -58. Calculate the remainder when 20 is divided by h.
8
Suppose 2*i = -5*v + 21, 0 = 3*i - 3*v - 2*v + 31. Calculate the remainder when (-350)/21*9/(-6) is divided by -13*((-4)/i)/(-2).
12
Suppose -2*d + 48 = -x + 2*x, 0 = 3*d + 5*x - 72. Calculate the remainder when 92 is divided by d.
20
Let s(i) = -i**3 + 4*i**2 + 7*i - 5. Let m = -6 - -10. Calculate the remainder when s(m) is divided by 12.
11
Suppose 0 = -6*q - 123 + 345. Suppose 4*u + 2*z = 30, -20 = -2*u - 2*u - 4*z. What is the remainder when q is divided by u?
7
Suppose s - p = 46, -3*s - 5*p = -2*s - 34. Let k(h) = h**2 - 9*h - 1. What is the remainder when s is divided by k(10)?
8
Suppose -2*p - 2 = -14. Let o(y) = -5*y - 2. Let g be o(-6). Let c = g + -11. Calculate the remainder when c is divided by p.
5
Suppose 4*j + 11 = 5*d, 1 = -5*d - 5*j + 21. Suppose 5*f - t = 17, -2*f - 4 + 3 = -d*t. What is the remainder when 15/1 + -1 - 1 is divided by f?
1
Suppose -1 = -5*r + 14. Suppose 0 = -r*t + 3 + 9. What is the remainder when 36 is divided by ((-26)/3)/(t/(-6))?
10
Let g = -35 - -13. What is the remainder when 31 is divided by (g/4)/(4/(-8))?
9
Let p = -52 + 104. What is the remainder when p is divided by 18?
16
Let z(n) = -17*n**3 + n**2. Suppose -2*o = 2*x - 2, 3*o - o = 4. Calculate the remainder when z(x) is divided by 10.
8
Suppose 4*r = 0, 6*r = -2*a + 2*r + 20. Calculate the remainder when 17 is divided by a.
7
Let s be 1/1 + (1 - -15). What is the remainder when 32 is divided by (-2)/(-1 + 15/s)?
15
What is the remainder when (66/(-44))/(1*(-3)/88) is divided by 16?
12
Let q(t) = 6*t + 5. Let h be q(9). Suppose -2 = 3*k + 3*y - h, 3*k - 33 = 5*y. What is the remainder when 30 is divided by k?
14
Let i(d) = 2*d**2 - 3. Calculate the remainder when 115 is divided by i(-4).
28
Let x = 6 - -21. What is the remainder when 105 is divided by x?
24
Suppose t - 235 = -4*t. Let a(q) = 0 + 4 + 7*q - 10*q. Calculate the remainder when t is divided by a(-4).
15
Suppose 4*l = 29 + 15. Suppose -4*x = -l - 5. What is the remainder when x is divided by 3?
1
Suppose c - 7 = -1. What is the remainder when c is divided by 4?
2
Let g(m) = 12*m**2 - 11*m + 16 - m + m**3 - 3*m. Calculate the remainder when g(-13) is divided by 11.
9
Suppose -3*v - v + 88 = 0. Suppose c - 61 = 4*d, 5*c + 5*d = 228 + 102. Calculate the remainder when c is divided by v.
21
Let b(m) = 5*m + 9. Let p be b(-5). Let c = -12 - p. Suppose d = 1 + 6. What is the remainder when d is divided by c?
3
Let y be (-1)/6 - (-38)/12. Suppose 3*u - y*f - 44 = u, 0 = 3*u + f - 44. What is the remainder when u is divided by 1/(-2) + 38/4?
7
Suppose 2*u - 50 = -16. Calculate the remainder when 67 is divided by u.
16
Let f = -28 - -51. Calculate the remainder when 45 is divided by f.
22
Suppose 12 = 4*d - 56. Let n = 4 + -2. Suppose 110 = n*i + 12. What is the remainder when i is divided by d?
15
Let u(d) = 4*d - 4. Let b(v) = v**2 - 9*v + 11. Let q be b(8). What is the remainder when 23 is divided by u(q)?
7
Suppose 3*o = -5*z + 46, 5*o + 18 = 3. Calculate the remainder when 32 is divided by z.
10
Suppose 0*u - 23 = -2*u - 3*i, 3*u - 35 = -4*i. Calculate the remainder when u is divided by 8.
5
Suppose 14*i - 686 = -0*i. What is the remainder when 292 is divided by i?
47
Suppose -2*h + 5*h - 18 = 0. Suppose 5*v = v + 16. What is the remainder when h is divided by v?
2
Suppose 0 = 4*s - 3*s - 53. Let i = s + -24. Let r = 47 - i. What is the remainder when r is divided by 5?
3
Let m be (-241)/(-7) + (-3)/7. Suppose j - m = 2. What is the remainder when j is divided by 13?
10
Let s(q) = q + 66. Let k be 0/3*(0 - -1). What is the remainder when s(k) is divided by 17?
15
Let y be (-2)/(-6) - 33/(-9). Suppose y*w = 2*w + 94. What is the remainder when w is divided by 8?
7
Let h(n) = 7*n**3 + 4*n**2 - n - 5. Let k(w) = w**3 - w**2 - 6 + 1 + 4. Let v(z) = h(z) - 6*k(z). What is the remainder when 21 is divided by v(-10)?
10
Suppose -1 = -d - 5*j - 12, j + 33 = 2*d. Calculate the remainder when 96 is divided by d.
12
Let h(v) = v**3 - v**2 - v - 2. Let b = -2 + 2. Let n be h(b). Calculate the remainder when (n + 48 - -2) + 0 is divided by 17.
14
Calculate the remainder when 11 is divided by ((-4)/(-10))/(2/10).
1
Calculate the remainder when 33 is divided by (-2 - 15)*1/((-3)/3).
16
Let l be 10 + -2 + (3 - -1). What is the remainder when 97/4 - (-9)/l is divided by 9?
7
Let m be (40/(-6))/(1/(-3)). Let s = m + -11. Suppose -h + s + 14 = 0. What is the remainder when h is divided by 8?
7
Let r(x) = 110*x**2 + 2*x + 1. Suppose -32 - 24 = -2*n. Calculate the remainder when r(-1) is divided by n.
25
Let w(z) = z**3 - 10*z**2 + 12*z - 5. Calculate the remainder when w(9) is divided by 8.
6
Suppose h = 8 + 31. What is the remainder when h is divided by 20?
19
Suppose 2*l - 2 = 34. What is the remainder when 36 - 1/(-1)*-1 is divided by l?
17
Let n = 45 + -12. What is the remainder when 65 is divided by n?
32
Let b = 34 + 5. Let a be 6/(-33) + 48/22. Suppose -a*p + b = -p. Calculate the remainder when p is divided by 10.
9
Let r(v) = 27*v + 1. Calculate the remainder when r(1) is divided by ((-60)/(-16))/((-6)/(-16)).
8
Let h be ((-38)/6 + 0)*-12. Let p = -136 + 82. Let s = p + h. Calculate the remainder when 43 is divided by s.
21
Let z be (1 + (-4)/(-2))*-2. Let i(m) be the second derivative of -m**3/3 + m**2/2 + 4*m. Calculate the remainder when 38 is divided by i(z).
12
Let q(l) = 29*l**2 - 2. Let t be q(2). Suppose -t = -5*y + 16. What is the remainder when y is divided by 7?
5
Let a = -21 - -23. Suppose 13 + 24 = x - a*c, 0 = 3*x + 5*c - 100. Calculate the remainder when x is divided by 19.
16
Let s = -12 + 24. Let u be (-8)/s*6/(-1). 